-438
Let i(j) = j**2 + 182*j + 8417. Give i(-66).
761
Let h(k) = 7*k**2 + 672*k + 2652. Determine h(-4).
76
Let g(d) = 2*d**3 + 43*d**2 + 19*d - 12. Give g(-17).
2266
Let f(d) = -d**3 + 11*d**2 + 645*d - 7597. Give f(12).
-1
Let b(t) = -25*t**3 - 2651*t**2 - 108*t - 226. What is b(-106)?
-14
Let u(h) = 20025*h**2 - 620775*h - 5. Calculate u(31).
-5
Let d(h) = 89*h**2 - 10873*h - 9104. Give d(123).
-2
Let l(q) = 55*q - 2210. Calculate l(42).
100
Let g(v) = 2*v**3 + 4894*v**2 - 83772*v - 73. What is g(17)?
-5
Let m(r) = 1100*r - 8833. Determine m(8).
-33
Let k(g) = -2*g**2 - 4448*g + 26701. Calculate k(6).
-59
Let j(k) = k**3 - 35*k**2 - 6*k - 2940. Calculate j(37).
-424
Let w(f) = 411*f + 31543. Give w(-76).
307
Let m(t) = -3*t**3 + 103*t**2 - 737*t + 492. Determine m(9).
15
Let c(y) = -5126*y + 543354. Give c(106).
-2
Let x(s) = -3229*s - 1918019. Calculate x(-594).
7
Let b(z) = -2165*z - 3034. Give b(2).
-7364
Let i(c) = c**2 + 5701*c + 290. Calculate i(0).
290
Let v(h) = -h**3 - 101*h**2 - 2132*h - 156. Give v(-71).
-14
Let k(w) = 1324*w + 150966. Give k(-114).
30
Let q(n) = 2*n**3 + 34*n**2 - 33*n - 72. Give q(-13).
1709
Let j(q) = 6*q**3 - 20*q**2 - 8646*q + 34529. Calculate j(4).
9
Let u(y) = -y**3 - 301*y**2 + 4029*y + 26. What is u(13)?
-663
Let n(r) = 47*r**2 - 579*r + 920. What is n(13)?
1336
Let d(a) = 124*a**3 + 4048*a**2 - 5712*a - 2. Calculate d(-34).
-2
Let m(n) = 2*n**3 - 108*n**2 - 118*n + 375. Give m(55).
-65
Let z(y) = 69*y**2 + 4627*y - 290. What is z(-67)?
-558
Let w(y) = 3*y**2 - 162*y - 2171. What is w(64)?
-251
Let z(v) = -1028581*v + 9257216. Calculate z(9).
-13
Let p(r) = -r**3 - 28*r**2 - 4911*r - 126336. Determine p(-26).
-2
Let n(j) = 21785*j + 196058. Give n(-9).
-7
Let f(c) = -12*c**2 + 3287*c - 13164. Determine f(4).
-208
Let y(f) = 61*f**2 + 661*f - 2703. Give y(4).
917
Let o(y) = -13*y**3 + 144*y**2 - 147*y + 74. Give o(10).
4
Let q(k) = 1343*k - 24761. What is q(18)?
-587
Let u(d) = 29049*d + 290438. Calculate u(-10).
-52
Let y(g) = 78*g**3 - 48*g**2 - 55*g - 5. Calculate y(-1).
-76
Let h(y) = y**2 + 2280*y - 203448. Determine h(86).
28
Let g(t) = -2*t**3 + 11*t**2 + 179*t - 632. Calculate g(11).
6
Let f(w) = -6*w**3 + 21*w**2 - 39*w - 23. Give f(3).
-113
Let t(v) = -v**3 - 167*v**2 - 751*v - 42473. What is t(-164)?
3
Let r(m) = 66*m**2 + 113*m - 213. Calculate r(5).
2002
Let s(v) = -13*v**3 - 520*v**2 + 22*v + 727. Give s(-40).
-153
Let l(r) = 5*r**2 - 57*r + 146. What is l(12)?
182
Let u(r) = -3*r**3 - 111*r**2 - 978*r + 713. Calculate u(-17).
-1
Let n(t) = t**3 + 182*t**2 + 7801*t + 497. Give n(-113).
45
Let p(v) = -v**3 - 15*v**2 + 50*v - 33. Determine p(-17).
-305
Let z(d) = 12015*d - 60147. Give z(5).
-72
Let w(q) = 14*q**2 - 19*q + 130. Calculate w(12).
1918
Let a(x) = x**3 - 67*x**2 + 59*x + 494. Give a(66).
32
Let u(w) = 729*w + 62557. Calculate u(-86).
-137
Let w(a) = 379*a - 2633. Give w(6).
-359
Let s(d) = 13*d**2 + 20*d + 189. Determine s(-8).
861
Let i(h) = h**2 + 193*h + 9347. What is i(-85)?
167
Let r(m) = -m**3 + 243*m**2 - 1888*m + 14. What is r(8)?
-50
Let m(l) = -7*l**2 + 511*l + 512. Calculate m(-1).
-6
Let v(f) = 90*f + 2188. What is v(-28)?
-332
Let a(y) = -y**3 + 167*y**2 + 350*y - 2080. What is a(169)?
-52
Let r(c) = -754*c + 9470. Give r(13).
-332
Let d(b) = 4787699*b - 43089287. Give d(9).
4
Let n(w) = w**3 + 114*w**2 + 880*w + 3448. Calculate n(-106).
56
Let o(n) = -4*n**2 + 137*n + 2686. Calculate o(-18).
-1076
Let m(k) = -4*k**3 + 142*k**2 + 546*k - 37. Calculate m(39).
-37
Let m(i) = -6769*i - 1604083. Determine m(-237).
170
Let o(w) = 2765*w - 771416. Calculate o(279).
19
Let k(m) = -16*m**3 - 3*m**2 + 453*m + 1349. Calculate k(-3).
395
Let o(m) = -11391*m + 1184713. What is o(104)?
49
Let k(i) = 11501*i + 68771. Calculate k(-6).
-235
Let u(c) = 315*c**2 + 1802*c - 11. Calculate u(-6).
517
Let q(h) = 6*h**3 - 562*h**2 - 1352*h - 99. What is q(96)?
-867
Let s(f) = f**3 - 17*f**2 + 95*f + 564. What is s(9)?
771
Let y(j) = 129*j**2 + 3446*j - 1003. Calculate y(-27).
-4
Let r(m) = -24839*m - 149052. Calculate r(-6).
-18
Let q(n) = -184*n + 2353. Give q(13).
-39
Let o(v) = 2*v**3 + 71*v**2 + 1185*v + 43968. Determine o(-36).
12
Let q(x) = -x**3 + 1931*x**2 - 523227*x - 960. Determine q(326).
18
Let m(p) = 107*p**2 + 312*p - 129. What is m(-5)?
986
Let z(j) = -j**2 - 2345*j - 185592. What is z(-82)?
-26
Let m(n) = -13610*n + 531013. Determine m(39).
223
Let l(f) = -245*f + 70363. Give l(289).
-442
Let h(s) = 752022*s + 4512127. Determine h(-6).
-5
Let q(w) = -5*w**2 - 822*w - 351. What is q(-164)?
-23
Let d(q) = 6*q**3 + 253*q**2 - 2709*q - 299. Give d(-51).
7
Let m(r) = 936*r + 233056. Give m(-249).
-8
Let w(k) = k**2 - 736*k - 48622. Give w(-61).
-5
Let c(z) = -12767*z + 1570348. Determine c(123).
7
Let y(q) = 336*q + 1104. What is y(-6)?
-912
Let z(r) = -21353*r + 21370. What is z(1)?
17
Let c(m) = 33*m**2 - 9010*m - 18126. What is c(-2)?
26
Let i(p) = -3702*p + 92529. Calculate i(25).
-21
Let o(i) = -18*i**2 + 6621*i - 13273. Determine o(2).
-103
Let j(o) = o**2 + 83*o - 9415. Calculate j(-146).
-217
Let r(t) = -24142*t - 386232. Give r(-16).
40
Let k(c) = 2279*c - 41015. Determine k(18).
7
Let y(s) = -2711*s + 51454. What is y(19)?
-55
Let c(u) = -214*u**2 - 232*u + 205. What is c(3)?
-2417
Let j(u) = 2*u**2 + 2690*u - 38045. What is j(14)?
7
Let q(a) = 7823*a + 24170. What is q(-3)?
701
Let g(h) = -56*h + 2147. What is g(24)?
803
Let p(l) = 13*l**2 + 272*l + 1490. Give p(-7).
223
Let m(d) = -d**3 - 82*d**2 - 823*d - 384. What is m(-72)?
7032
Let g(u) = -u**3 - 30*u**2 + 458*u + 7843. What is g(-17)?
-3700
Let q(k) = -k**2 + 4754*k - 743902. What is q(162)?
2
Let f(v) = -2368*v - 19298. What is f(-8)?
-354
Let i(z) = 21478*z + 64438. What is i(-3)?
4
Let g(d) = -2*d**3 - 150*d**2 - 2297*d + 391. Determine g(-22).
-379
Let j(q) = -3*q**3 + 34*q**2 + 4*q - 187. Calculate j(-9).
4718
Let s(z) = -2*z**3 - 1042*z**2 - 727*z + 162766. Determine s(-520).
6
Let r(w) = -2*w**2 - 282660*w + 847990. What is r(3)?
-8
Let q(f) = 3212*f - 64572. Determine q(20).
-332
Let f(g) = -19*g**2 - 245*g - 39. What is f(-12)?
165
Let d(s) = s**2 + 139*s - 2943. What is d(-74)?
-7753
Let d(z) = 2*z**2 - 84*z - 6077. Calculate d(72).
-1757
Let m(a) = 12*a**2 - 181*a - 2974. Calculate m(-10).
36
Let t(w) = 2542*w + 195752. Give t(-77).
18
Let z(r) = -4*r**3 - 63*r**2 + 20*r + 44. Determine z(1).
-3
Let s(k) = 10*k**2 - 1830*k - 17300. What is s(-9)?
-20
Let u(p) = p**2 - 6110*p - 61135. What is u(-10)?
65
Let j(z) = -11*z**2 - 439*z + 3089. Determine j(6).
59
Let l(w) = w**3 + 209*w**2 + 1406*w + 78746. What is l(-204)?
2
Let f(v) = v**3 - 44*v**2 + 506*v - 586. Give f(19).
3
Let c(x) = x**3 - 32*x**2 - 78*x - 588. Calculate c(34).
-928
Let s(n) = 2*n**3 + 195*n**2 + 77*n - 1957. Calculate s(-97).
-17
Let w(n) = -14012*n - 18958236. Determine w(-1353).
0
Let g(h) = 804*h + 68333. Calculate g(-85).
-7
Let f(q) = 5*q**2 + 169*q + 92. What is f(-35)?
302
Let i(h) = 24*h - 3327. Give i(98).
-975
Let y(b) = -9201*b**2 - 55220*b - 85. What is y(-6)?
-1
Let i(a) = -5*a**3 - 10108*a**2 - 50410*a + 11. Give i(-5).
-14
Let j(a) = -4*a**3 - 115*a**2 - 104*a - 314. Calculate j(-28).
246
Let j(q) = -405*q - 24593. Give j(-61).
112
Let a(h) = -h**2 - 3882*h + 153015. Determine a(39).
96
Let o(b) = -4*b**2 + 279654*b - 4473450. Calculate o(16).
-10
Let k(g) = g**2 + 2293*g - 1898. Calculate k(0).
-1898
Let c(s) = -s**2 - 35*s + 1683. Calculate c(18).
729
Let y(u) = u**3 + 61*u**2 + 198*u + 12077. Determine y(-61).
-1
Let h(g) = 17*g**2 + 7047*g - 171088. Calculate h(23).
-14
Let m(g) = -5526*g + 60801. Give m(11).
15
Let m(i) = 365*i + 9177. Determine m(-25).
52
Let d(i) = -72*i - 174. Give d(-6).
258
Let m(h) = 2*h**2 + 161*h - 10872. What is m(44)?
84
Let h(v) = -600648*v + 9610368. Determine h(16).
0
Let u(y) = 104*y - 1166. What is u(14)?
290
Let x(b) = -329*b - 8205. Determine x(-27).
678
Let v(j) = 4*j**2 - 649*j + 24312. What is v(59)?
-55
Let i(v) = -v**2 + 71*v - 170. What is i(55)?
710
Let g(x) = x**3 + 112*x**2 + 1833*x - 158. Give g(-20).
-18
Let x(b) = -7*b**3 - 144*b**2 - 675*b - 15498. Calculate x(-21).
0
Let d(t) = -t**3 + 17*t**2 - 121*t - 100. Calculate d(14).
-1206
Let z(h) = 20143*h + 1752437. De